{"id":9,"date":"2020-01-09T04:23:02","date_gmt":"2020-01-09T04:23:02","guid":{"rendered":"https:\/\/themify.me\/demo\/themes\/ultra-yoga\/?page_id=5"},"modified":"2022-03-08T12:15:44","modified_gmt":"2022-03-08T11:15:44","slug":"home","status":"publish","type":"page","link":"https:\/\/meditation-class.ch\/","title":{"rendered":"Home"},"content":{"rendered":"<div id=\"themify_builder_content-9\" data-postid=\"9\" class=\"themify_builder_content themify_builder_content-9 themify_builder\">\n    \t<!-- module_row -->\n\t<div  data-fullwidthvideo=\"https:\/\/meditation-class.ch\/wp-content\/uploads\/2022\/03\/10s-Waterfall-Med.mp4\" data-mutevideo=\"unmute\" class=\"themify_builder_row module_row clearfix fullcover module_row_0 themify_builder_9_row module_row_9-0 tb_5962345\">\n\t    <div class=\"builder_row_cover\"><\/div>\t\t\t\t\t\t<div class=\"tb_row_frame tb_row_frame_bottom in_front\"><\/div>\n\t\t\t\t\t\t\t    <div class=\"row_inner col_align_top\"   data-basecol=\"2\" data-col_tablet=\"column4-2\" data-col_tablet_landscape=\"column4-2\" data-col_mobile=\"column4-2\">\n\t\t\t<div  class=\"module_column tb-column col4-2 first tb_9_column module_column_0 module_column_9-0-0 tb_r9be346\">\n\t    \t    \t<\/div>\n\t\t<div  class=\"module_column tb-column col4-2 last tb_9_column module_column_1 module_column_9-0-1 tb_hyh2523\">\n\t    \t    \t        <div class=\"tb-column-inner\">\n\t\t    <!-- module text -->\n<div  class=\"module module-text tb_kkna921    \">\n            <div  class=\"tb_text_wrap\">\n    <h1>\u00a0<\/h1>\n<p>\u00a0<\/p>    <\/div>\n<\/div>\n<!-- \/module text -->\n    <!-- module buttons -->\n    <div  class=\"module module-buttons tb_mdjv979 normal solid rounded  \">\n\t        \t<div class=\"module-buttons\">\n                            <div class=\"module-buttons-item  buttons-horizontal\">\n\t\t    \t\t\t<a href=\"https:\/\/meditation-class.ch\/?sfwd-courses=online-kurs-seite\" class=\"ui builder_button purple\" >\n\t\t    \t\t    \t\t\t<span>Zum Kurs<\/span>\n\t\t    \t\t    \t\t\t<\/a>\n\t\t                    <\/div>\n                    <\/div>\n    <\/div>\n    <!-- \/module buttons -->\n\t        <\/div>\n\t    \t<\/div>\n\t\t    <\/div>\n\t    <!-- \/row_inner -->\n\t<\/div>\n\t<!-- \/module_row -->\n\t\t<!-- module_row -->\n\t<div   class=\"themify_builder_row module_row clearfix repeat-none fullwidth_row_container module_row_1 themify_builder_9_row module_row_9-1 tb_kefl920\">\n\t    \t    <div class=\"row_inner col_align_middle col_auto_height\"   data-basecol=\"3\" data-col_tablet=\"column4-2\" data-col_tablet_landscape=\"column4-2\" data-col_mobile=\"column-full\">\n\t\t\t<div  class=\"module_column tb-column col3-1 first tb_9_column module_column_0 module_column_9-1-0 tb_n5ib385\" style=\"width: 32%\" >\n\t    \t    \t        <div class=\"tb-column-inner\">\n\t\t    <!-- module text -->\n<div  class=\"module module-text tb_xdkn386  repeat  \">\n            <div  class=\"tb_text_wrap\">\n    <p><span style=\"font-size: 24pt;\"><strong><span style=\"font-size: 18pt;\">F\u00fcr wen eignet sich der Kurs?<\/span><br \/><\/strong><\/span><\/p>\n<p><span style=\"font-size: 12pt;\">F\u00fcr alle, die ihr Herz tauchen und mehr aus ihrem Leben machen wollen.\u00a0 Meditation schenkt uns Frieden, Freude und Liebe und f\u00fchrt uns zu einer tiefen Erf\u00fcllung. Es braucht kein Vorwissen, aber etwas Offenheit und Flexibilit\u00e4t sind von Vorteil, denn es wartet viel Unerwartetes auf uns!<br \/><\/span><\/p>    <\/div>\n<\/div>\n<!-- \/module text -->\n\t        <\/div>\n\t    \t<\/div>\n\t\t<div  class=\"module_column tb-column col3-1 middle tb_9_column module_column_1 module_column_9-1-1 tb_o8q4921\" style=\"width: 25.4%\" >\n\t    \t    \t<\/div>\n\t\t<div  class=\"module_column tb-column col3-1 last tb_9_column module_column_2 module_column_9-1-2 tb_13tq801\" style=\"width: 36.2%\" >\n\t    \t    \t        <div class=\"tb-column-inner\">\n\t\t    <!-- module text -->\n<div  class=\"module module-text tb_9spf153    \">\n            <div  class=\"tb_text_wrap\">\n    <p><span style=\"font-size: 18pt;\"><strong>Um was geht es beim Kurs?<\/strong><\/span><\/p>\n<p>Es geht vor allem um Praxis: Selber meditieren lernen.\u00a0 Wir \u00fcben die 4 wichtigsten Meditationstechniken, damit du anschliessend die beste Wahl f\u00fcr dich treffen kannst. Die Idee ist, dass du die \u00dcbungen jeweils eine Woche lang selber machst und nach 4 Wochen eine Grundwissen hast, worauf du aufbauen kannst.<\/p>    <\/div>\n<\/div>\n<!-- \/module text -->\n    <!-- module buttons -->\n    <div  class=\"module module-buttons tb_pu7s770 normal solid rounded   hide-desktop hide-tablet hide-tablet_landscape tb-align-center\">\n\t        \t<div class=\"module-buttons\">\n                            <div class=\"module-buttons-item  buttons-horizontal\">\n\t\t    \t\t\t<a href=\"https:\/\/meditation-class.ch\/?sfwd-courses=online-kurs-seite\" class=\"ui builder_button purple\" >\n\t\t    \t\t    \t\t\t<span>Zum Kurs<\/span>\n\t\t    \t\t    \t\t\t<\/a>\n\t\t                    <\/div>\n                    <\/div>\n    <\/div>\n    <!-- \/module buttons -->\n\t        <\/div>\n\t    \t<\/div>\n\t\t    <\/div>\n\t    <!-- \/row_inner -->\n\t<\/div>\n\t<!-- \/module_row -->\n\t\t<!-- module_row -->\n\t<div   data-anchor=\"um-was-gehts\" class=\"themify_builder_row module_row clearfix tb_section-um-was-gehts module_row_2 themify_builder_9_row module_row_9-2 tb_fqbz28\">\n\t    \t    <div class=\"row_inner col_align_top\" >\n\t\t\t<div  class=\"module_column tb-column col-full first tb_9_column module_column_0 module_column_9-2-0 tb_ijx230\">\n\t    \t    \t        <div class=\"tb-column-inner\">\n\t\t    \t<div  class=\"themify_builder_sub_row module_subrow clearfix sub_row_2-0-0 tb_mn4c564\" >\n\t    \t    <div class=\"subrow_inner col_align_top\"   data-basecol=\"3\" data-col_tablet=\"column3-1\" data-col_tablet_landscape=\"column3-1\">\n\t\t\t<div  class=\"sub_column module_column col3-1 first sub_column_post_9 sub_column_2-0-0-0 tb_53he565\"> \n\t    \t    \t<\/div>\n\t\t<div  class=\"sub_column module_column col3-1 middle sub_column_post_9 sub_column_2-0-0-1 tb_hlri566\"> \n\t    \t    \t<\/div>\n\t\t<div  class=\"sub_column module_column col3-1 last sub_column_post_9 sub_column_2-0-0-2 tb_bs11566\"> \n\t    \t    \t<\/div>\n\t\t    <\/div>\n\t<\/div><!-- \/themify_builder_sub_row -->\n\t\t<div  class=\"themify_builder_sub_row module_subrow clearfix sub_row_2-0-1 tb_iq94522\" >\n\t    \t    <div class=\"subrow_inner col_align_top\"   data-basecol=\"3\" data-col_tablet=\"column3-1\" data-col_tablet_landscape=\"column3-1\" data-col_mobile=\"column-full\">\n\t\t\t<div style=\"width:5.4%;\" class=\"sub_column module_column col3-1 first sub_column_post_9 sub_column_2-0-1-0 tb_7x11523\" > \n\t    \t    \t<\/div>\n\t\t<div style=\"width:76%;\" class=\"sub_column module_column col3-1 middle sub_column_post_9 sub_column_2-0-1-1 tb_49x0525\" > \n\t    \t    \t        <div class=\"tb-column-inner\">\n\t\t    <!-- module text -->\n<div  class=\"module module-text tb_iyv4900    \">\n            <div  class=\"tb_text_wrap\">\n    <p><strong><span style=\"font-size: 18pt;\">Kursprogramm<\/span><\/strong><\/p>\n<h3>Kursabend 1 <\/h3>\n<p><strong>Technik:<\/strong> Visualisation. Konzentrations- und Meditations\u00fcbung<\/p>\n<p><strong>Themen:<\/strong> Was ist Meditation? Auf was muss man in der Praxis achten? Was sind die ersten Schritte, um alleine zu Hause meditieren zu k\u00f6nnen? Richtige Ern\u00e4hrung etc.<\/p>\n<h3>Kursabend 2 <\/h3>\n<p><strong>Technik:<\/strong> Mit dem Atem arbeiten. Konzentrations- und Meditations\u00fcbung<\/p>\n<p><strong>Themen:<\/strong> Zwei wichtige Energien: W\u00fcnschen und Streben. Wie lernen wir unsere Gedanken beherrschen. Die innere Reinigung. Hat Meditation etwas mit Religion zu tun?<\/p>\n<h3>Kursabend 3 <\/h3>\n<p><strong>Technik:<\/strong> Mantra und Musik. Konzentrations- und Meditations\u00fcbung<\/p>\n<p><strong>Themen:<\/strong> Auf was muss ich achten, wenn ich mit einem Mantra meditiere? Sanskrit und Englische Mantren. Wie werde ich mir der Seele bewusst? Die h\u00f6heren Ziele des Meditierens; Samadhi und Verwirklichung.<\/p>\n<h3>Kursabend 4 <\/h3>\n<p><strong>Technik:<\/strong> Meditation mit einem Meister. Konzentrations- und Meditations\u00fcbung<\/p>\n<p><strong>Themen:<\/strong> Was ist der Unterschied, alleine oder mit einem Meister zu meditieren? Was macht einen Meister aus? Wie finde ich einen Meister?<\/p>\n<p>\u00a0<\/p>\n<p>\u00a0<\/p>    <\/div>\n<\/div>\n<!-- \/module text -->\n<!-- module template_part -->\n<div  class=\"module module-layout-part tb_krvx215 \">\n    <div class=\"themify_builder_content themify_builder_content-832 themify_builder not_editable_builder in_the_loop\" data-postid=\"832\">\n    \t<!-- module_row -->\n\t<div  class=\"themify_builder_row module_row clearfix module_row_0 themify_builder_832_row module_row_832-0 tb_28kt010\">\n\t    \t    <div class=\"row_inner col_align_top\" >\n\t\t\t<div  class=\"module_column tb-column col-full first tb_832_column module_column_0 module_column_832-0-0 tb_g1wn168\">\n\t    \t    \t        <div class=\"tb-column-inner\">\n\t\t        <!-- module buttons -->\n    <div  class=\"module module-buttons tb_hm3m455 normal solid rounded   tb-align-center\">\n\t        \t<div class=\"module-buttons\">\n                            <div class=\"module-buttons-item  buttons-horizontal\">\n\t\t    \t\t\t<a href=\"https:\/\/meditation-class.ch\/?sfwd-courses=online-kurs-seite\" class=\"ui builder_button purple\" >\n\t\t    \t\t    \t\t\t<span>Zum Kurs<\/span>\n\t\t    \t\t    \t\t\t<\/a>\n\t\t                    <\/div>\n                    <\/div>\n    <\/div>\n    <!-- \/module buttons -->\n\t        <\/div>\n\t    \t<\/div>\n\t\t    <\/div>\n\t    <!-- \/row_inner -->\n\t<\/div>\n\t<!-- \/module_row -->\n\t<\/div>\n<\/div>\n<!-- \/module template_part -->\n\t        <\/div>\n\t    \t<\/div>\n\t\t<div style=\"width:12.2%;\" class=\"sub_column module_column col3-1 last sub_column_post_9 sub_column_2-0-1-2 tb_f6c5525\"> \n\t    \t    \t<\/div>\n\t\t    <\/div>\n\t<\/div><!-- \/themify_builder_sub_row -->\n\t\t        <\/div>\n\t    \t<\/div>\n\t\t    <\/div>\n\t    <!-- \/row_inner -->\n\t<\/div>\n\t<!-- \/module_row -->\n\t\t<!-- module_row -->\n\t<div   class=\"themify_builder_row module_row clearfix module_row_3 themify_builder_9_row module_row_9-3 tb_9u6o283\">\n\t    \t    <div class=\"row_inner col_align_top\" >\n\t\t\t<div  class=\"module_column tb-column col-full first tb_9_column module_column_0 module_column_9-3-0 tb_vih7283\">\n\t    \t    \t        <div class=\"tb-column-inner\">\n\t\t    \t<div  class=\"themify_builder_sub_row module_subrow clearfix sub_row_3-0-0 tb_acxf833\">\n\t    \t    <div class=\"subrow_inner col_align_top\" >\n\t\t\t<div  class=\"sub_column module_column col2-1 first sub_column_post_9 sub_column_3-0-0-0 tb_irhh833\" > \n\t    \t    \t<\/div>\n\t\t<div  class=\"sub_column module_column col2-1 last sub_column_post_9 sub_column_3-0-0-1 tb_dodq834\"> \n\t    \t    \t<\/div>\n\t\t    <\/div>\n\t<\/div><!-- \/themify_builder_sub_row -->\n\t\t        <\/div>\n\t    \t<\/div>\n\t\t    <\/div>\n\t    <!-- \/row_inner -->\n\t<\/div>\n\t<!-- \/module_row -->\n\t\t<!-- module_row -->\n\t<div   class=\"themify_builder_row module_row clearfix module_row_4 themify_builder_9_row module_row_9-4 tb_c5fo514\">\n\t    \t    <div class=\"row_inner col_align_top\" >\n\t\t\t<div  class=\"module_column tb-column col-full first tb_9_column module_column_0 module_column_9-4-0 tb_e4yr515\">\n\t    \t    \t        <div class=\"tb-column-inner\">\n\t\t    \t<div  class=\"themify_builder_sub_row module_subrow clearfix sub_row_4-0-0 tb_02t5515\">\n\t    \t    <div class=\"subrow_inner col_align_top\" >\n\t\t\t<div  class=\"sub_column module_column col2-1 first sub_column_post_9 sub_column_4-0-0-0 tb_zsrf515\"> \n\t    \t    \t        <div class=\"tb-column-inner\">\n\t\t        <!-- module image -->\n    <div  class=\"module module-image tb_r8re527  image-top  \">\n\t                <div class=\"image-wrap\">\n                            <img decoding=\"async\" src=\"https:\/\/meditation-class.ch\/wp-content\/uploads\/2022\/02\/Kailash-Beyer-310x345.jpg\" width=\"310\" class=\" wp-post-image wp-image-841\" alt=\"Kailash-Beyer\" srcset=\"https:\/\/meditation-class.ch\/wp-content\/uploads\/2022\/02\/Kailash-Beyer-310x345.jpg 310w, https:\/\/meditation-class.ch\/wp-content\/uploads\/2022\/02\/Kailash-Beyer-269x300.jpg 269w, https:\/\/meditation-class.ch\/wp-content\/uploads\/2022\/02\/Kailash-Beyer.jpg 500w\" sizes=\"(max-width: 310px) 100vw, 310px\" \/>            \n                        <\/div>\n            <!-- \/image-wrap -->\n        \n        \n        <\/div>\n    <!-- \/module image -->\n\t        <\/div>\n\t    \t<\/div>\n\t\t<div  class=\"sub_column module_column col2-1 last sub_column_post_9 sub_column_4-0-0-1 tb_ejjj515\"> \n\t    \t    \t        <div class=\"tb-column-inner\">\n\t\t    <!-- module text -->\n<div  class=\"module module-text tb_75ul516    \">\n            <div  class=\"tb_text_wrap\">\n    <p><span style=\"font-size: 18pt;\"><strong>Der Kursleiter:<\/strong><\/span><\/p>\n<p>Kailash Beyer studierte urspr\u00fcnglich Psychologie und machte eine Zusatzausbildung zum Psychotherapeuten. Noch w\u00e4hrend des Studiums begann er ernsthaft zu meditieren und \u00e4nderte danach auch seinen Berufsweg: er er\u00f6ffnete einen Bioladen. \u00dcber die Jahre wuchs daraus ein internationales Unternehmen mit vielen hundert Mitarbeitern heran, in dem versucht wird, Spiritualit\u00e4t und Alltag miteinander zu verbinden. Kailash leitete ein Meditationszentrum in Z\u00fcrich und hat w\u00e4hrend Jahrzehnten auch auf der ganzen Welt Vortr\u00e4ge und Kurse \u00fcber Meditation gegeben. Mittlerweile hat er sich in die Schweizer Berge zur\u00fcckgezogen, um sich ganz dem inneren Leben zu widmen.<\/p>    <\/div>\n<\/div>\n<!-- \/module text -->\n\t        <\/div>\n\t    \t<\/div>\n\t\t    <\/div>\n\t<\/div><!-- \/themify_builder_sub_row -->\n\t\t        <\/div>\n\t    \t<\/div>\n\t\t    <\/div>\n\t    <!-- \/row_inner -->\n\t<\/div>\n\t<!-- \/module_row -->\n\t\t<!-- module_row -->\n\t<div  class=\"themify_builder_row module_row clearfix module_row_5 themify_builder_9_row module_row_9-5 tb_ciey620\">\n\t    \t    <div class=\"row_inner col_align_top\" >\n\t\t\t<div  class=\"module_column tb-column col3-1 first tb_9_column module_column_0 module_column_9-5-0 tb_iiix621\">\n\t    \t    \t<\/div>\n\t\t<div  class=\"module_column tb-column col3-1 middle tb_9_column module_column_1 module_column_9-5-1 tb_3bx9621\">\n\t    \t    \t<\/div>\n\t\t<div  class=\"module_column tb-column col3-1 last tb_9_column module_column_2 module_column_9-5-2 tb_db8a622\">\n\t    \t    \t<\/div>\n\t\t    <\/div>\n\t    <!-- \/row_inner -->\n\t<\/div>\n\t<!-- \/module_row -->\n\t\t<!-- module_row -->\n\t<div   class=\"themify_builder_row module_row clearfix repeat fullwidth_row_container module_row_6 themify_builder_9_row module_row_9-6 tb_fzyj565\">\n\t    \t    <div class=\"row_inner col_align_top\" >\n\t\t\t<div  class=\"module_column tb-column col-full first tb_9_column module_column_0 module_column_9-6-0 tb_wh2s567\">\n\t    \t    \t<\/div>\n\t\t    <\/div>\n\t    <!-- \/row_inner -->\n\t<\/div>\n\t<!-- \/module_row -->\n\t<\/div>\n\n\n\n\n<p><\/p>\n","protected":false},"excerpt":{"rendered":"<p>\u00a0 \u00a0 Zum Kurs F\u00fcr wen eignet sich der Kurs? F\u00fcr alle, die ihr Herz tauchen und mehr aus ihrem Leben machen wollen.\u00a0 Meditation schenkt uns Frieden, Freude und Liebe und f\u00fchrt uns zu einer tiefen Erf\u00fcllung. Es braucht kein Vorwissen, aber etwas Offenheit und Flexibilit\u00e4t sind von Vorteil, denn es wartet viel Unerwartetes auf [&hellip;]<\/p>\n","protected":false},"author":2,"featured_media":0,"parent":0,"menu_order":0,"comment_status":"closed","ping_status":"closed","template":"","meta":[],"yoast_head":"<!-- This site is optimized with the Yoast SEO plugin v21.1 - https:\/\/yoast.com\/wordpress\/plugins\/seo\/ -->\n<title>Home - Meditationskurs Online<\/title>\n<meta name=\"robots\" content=\"index, follow, max-snippet:-1, max-image-preview:large, max-video-preview:-1\" \/>\n<link rel=\"canonical\" href=\"https:\/\/meditation-class.ch\/\" \/>\n<meta property=\"og:locale\" content=\"de_DE\" \/>\n<meta property=\"og:type\" content=\"article\" \/>\n<meta property=\"og:title\" content=\"Home - Meditationskurs Online\" \/>\n<meta property=\"og:description\" content=\"\u00a0 \u00a0 Zum Kurs F\u00fcr wen eignet sich der Kurs? F\u00fcr alle, die ihr Herz tauchen und mehr aus ihrem Leben machen wollen.\u00a0 Meditation schenkt uns Frieden, Freude und Liebe und f\u00fchrt uns zu einer tiefen Erf\u00fcllung. Es braucht kein Vorwissen, aber etwas Offenheit und Flexibilit\u00e4t sind von Vorteil, denn es wartet viel Unerwartetes auf [&hellip;]\" \/>\n<meta property=\"og:url\" content=\"https:\/\/meditation-class.ch\/\" \/>\n<meta property=\"og:site_name\" content=\"Meditationskurs Online\" \/>\n<meta property=\"article:modified_time\" content=\"2022-03-08T11:15:44+00:00\" \/>\n<meta name=\"twitter:card\" content=\"summary_large_image\" \/>\n<script type=\"application\/ld+json\" class=\"yoast-schema-graph\">{\"@context\":\"https:\/\/schema.org\",\"@graph\":[{\"@type\":\"WebPage\",\"@id\":\"https:\/\/meditation-class.ch\/\",\"url\":\"https:\/\/meditation-class.ch\/\",\"name\":\"Home - Meditationskurs Online\",\"isPartOf\":{\"@id\":\"https:\/\/meditation-class.ch\/#website\"},\"datePublished\":\"2020-01-09T04:23:02+00:00\",\"dateModified\":\"2022-03-08T11:15:44+00:00\",\"breadcrumb\":{\"@id\":\"https:\/\/meditation-class.ch\/#breadcrumb\"},\"inLanguage\":\"de\",\"potentialAction\":[{\"@type\":\"ReadAction\",\"target\":[\"https:\/\/meditation-class.ch\/\"]}]},{\"@type\":\"BreadcrumbList\",\"@id\":\"https:\/\/meditation-class.ch\/#breadcrumb\",\"itemListElement\":[{\"@type\":\"ListItem\",\"position\":1,\"name\":\"Home\",\"item\":\"https:\/\/meditation-class.ch\/\"},{\"@type\":\"ListItem\",\"position\":2,\"name\":\"Home\"}]},{\"@type\":\"WebSite\",\"@id\":\"https:\/\/meditation-class.ch\/#website\",\"url\":\"https:\/\/meditation-class.ch\/\",\"name\":\"Meditationskurs Online\",\"description\":\"In 4 Wochen meditieren lernen\",\"potentialAction\":[{\"@type\":\"SearchAction\",\"target\":{\"@type\":\"EntryPoint\",\"urlTemplate\":\"https:\/\/meditation-class.ch\/?s={search_term_string}\"},\"query-input\":\"required name=search_term_string\"}],\"inLanguage\":\"de\"}]}<\/script>\n<!-- \/ Yoast SEO plugin. -->","yoast_head_json":{"title":"Home - Meditationskurs Online","robots":{"index":"index","follow":"follow","max-snippet":"max-snippet:-1","max-image-preview":"max-image-preview:large","max-video-preview":"max-video-preview:-1"},"canonical":"https:\/\/meditation-class.ch\/","og_locale":"de_DE","og_type":"article","og_title":"Home - Meditationskurs Online","og_description":"\u00a0 \u00a0 Zum Kurs F\u00fcr wen eignet sich der Kurs? F\u00fcr alle, die ihr Herz tauchen und mehr aus ihrem Leben machen wollen.\u00a0 Meditation schenkt uns Frieden, Freude und Liebe und f\u00fchrt uns zu einer tiefen Erf\u00fcllung. Es braucht kein Vorwissen, aber etwas Offenheit und Flexibilit\u00e4t sind von Vorteil, denn es wartet viel Unerwartetes auf [&hellip;]","og_url":"https:\/\/meditation-class.ch\/","og_site_name":"Meditationskurs Online","article_modified_time":"2022-03-08T11:15:44+00:00","twitter_card":"summary_large_image","schema":{"@context":"https:\/\/schema.org","@graph":[{"@type":"WebPage","@id":"https:\/\/meditation-class.ch\/","url":"https:\/\/meditation-class.ch\/","name":"Home - Meditationskurs Online","isPartOf":{"@id":"https:\/\/meditation-class.ch\/#website"},"datePublished":"2020-01-09T04:23:02+00:00","dateModified":"2022-03-08T11:15:44+00:00","breadcrumb":{"@id":"https:\/\/meditation-class.ch\/#breadcrumb"},"inLanguage":"de","potentialAction":[{"@type":"ReadAction","target":["https:\/\/meditation-class.ch\/"]}]},{"@type":"BreadcrumbList","@id":"https:\/\/meditation-class.ch\/#breadcrumb","itemListElement":[{"@type":"ListItem","position":1,"name":"Home","item":"https:\/\/meditation-class.ch\/"},{"@type":"ListItem","position":2,"name":"Home"}]},{"@type":"WebSite","@id":"https:\/\/meditation-class.ch\/#website","url":"https:\/\/meditation-class.ch\/","name":"Meditationskurs Online","description":"In 4 Wochen meditieren lernen","potentialAction":[{"@type":"SearchAction","target":{"@type":"EntryPoint","urlTemplate":"https:\/\/meditation-class.ch\/?s={search_term_string}"},"query-input":"required name=search_term_string"}],"inLanguage":"de"}]}},"builder_content":"<h1>\u00a0<\/h1> <p>\u00a0<\/p>\n<a href=\"https:\/\/meditation-class.ch\/?sfwd-courses=online-kurs-seite\" > Zum Kurs <\/a>\n<p><strong>F\u00fcr wen eignet sich der Kurs?<br \/><\/strong><\/p> <p>F\u00fcr alle, die ihr Herz tauchen und mehr aus ihrem Leben machen wollen.\u00a0 Meditation schenkt uns Frieden, Freude und Liebe und f\u00fchrt uns zu einer tiefen Erf\u00fcllung. Es braucht kein Vorwissen, aber etwas Offenheit und Flexibilit\u00e4t sind von Vorteil, denn es wartet viel Unerwartetes auf uns!<br \/><\/p>\n<p><strong>Um was geht es beim Kurs?<\/strong><\/p> <p>Es geht vor allem um Praxis: Selber meditieren lernen.\u00a0 Wir \u00fcben die 4 wichtigsten Meditationstechniken, damit du anschliessend die beste Wahl f\u00fcr dich treffen kannst. Die Idee ist, dass du die \u00dcbungen jeweils eine Woche lang selber machst und nach 4 Wochen eine Grundwissen hast, worauf du aufbauen kannst.<\/p>\n<a href=\"https:\/\/meditation-class.ch\/?sfwd-courses=online-kurs-seite\" > Zum Kurs <\/a>\n<p><strong>Kursprogramm<\/strong><\/p> <h3>Kursabend 1 <\/h3> <p><strong>Technik:<\/strong> Visualisation. Konzentrations- und Meditations\u00fcbung<\/p> <p><strong>Themen:<\/strong> Was ist Meditation? Auf was muss man in der Praxis achten? Was sind die ersten Schritte, um alleine zu Hause meditieren zu k\u00f6nnen? Richtige Ern\u00e4hrung etc.<\/p> <h3>Kursabend 2 <\/h3> <p><strong>Technik:<\/strong> Mit dem Atem arbeiten. Konzentrations- und Meditations\u00fcbung<\/p> <p><strong>Themen:<\/strong> Zwei wichtige Energien: W\u00fcnschen und Streben. Wie lernen wir unsere Gedanken beherrschen. Die innere Reinigung. Hat Meditation etwas mit Religion zu tun?<\/p> <h3>Kursabend 3 <\/h3> <p><strong>Technik:<\/strong> Mantra und Musik. Konzentrations- und Meditations\u00fcbung<\/p> <p><strong>Themen:<\/strong> Auf was muss ich achten, wenn ich mit einem Mantra meditiere? Sanskrit und Englische Mantren. Wie werde ich mir der Seele bewusst? Die h\u00f6heren Ziele des Meditierens; Samadhi und Verwirklichung.<\/p> <h3>Kursabend 4 <\/h3> <p><strong>Technik:<\/strong> Meditation mit einem Meister. Konzentrations- und Meditations\u00fcbung<\/p> <p><strong>Themen:<\/strong> Was ist der Unterschied, alleine oder mit einem Meister zu meditieren? Was macht einen Meister aus? Wie finde ich einen Meister?<\/p> <p>\u00a0<\/p> <p>\u00a0<\/p>\n<a href=\"https:\/\/meditation-class.ch\/?sfwd-courses=online-kurs-seite\" > Zum Kurs <\/a>\n<img decoding=\"async\" src=\"https:\/\/meditation-class.ch\/wp-content\/uploads\/2022\/02\/Kailash-Beyer-310x345.jpg\" width=\"310\" alt=\"Kailash-Beyer\" srcset=\"https:\/\/meditation-class.ch\/wp-content\/uploads\/2022\/02\/Kailash-Beyer-310x345.jpg 310w, https:\/\/meditation-class.ch\/wp-content\/uploads\/2022\/02\/Kailash-Beyer-269x300.jpg 269w, https:\/\/meditation-class.ch\/wp-content\/uploads\/2022\/02\/Kailash-Beyer.jpg 500w\" sizes=\"(max-width: 310px) 100vw, 310px\" \/>\n<p><strong>Der Kursleiter:<\/strong><\/p> <p>Kailash Beyer studierte urspr\u00fcnglich Psychologie und machte eine Zusatzausbildung zum Psychotherapeuten. Noch w\u00e4hrend des Studiums begann er ernsthaft zu meditieren und \u00e4nderte danach auch seinen Berufsweg: er er\u00f6ffnete einen Bioladen. \u00dcber die Jahre wuchs daraus ein internationales Unternehmen mit vielen hundert Mitarbeitern heran, in dem versucht wird, Spiritualit\u00e4t und Alltag miteinander zu verbinden. Kailash leitete ein Meditationszentrum in Z\u00fcrich und hat w\u00e4hrend Jahrzehnten auch auf der ganzen Welt Vortr\u00e4ge und Kurse \u00fcber Meditation gegeben. Mittlerweile hat er sich in die Schweizer Berge zur\u00fcckgezogen, um sich ganz dem inneren Leben zu widmen.<\/p>","_links":{"self":[{"href":"https:\/\/meditation-class.ch\/index.php?rest_route=\/wp\/v2\/pages\/9"}],"collection":[{"href":"https:\/\/meditation-class.ch\/index.php?rest_route=\/wp\/v2\/pages"}],"about":[{"href":"https:\/\/meditation-class.ch\/index.php?rest_route=\/wp\/v2\/types\/page"}],"author":[{"embeddable":true,"href":"https:\/\/meditation-class.ch\/index.php?rest_route=\/wp\/v2\/users\/2"}],"replies":[{"embeddable":true,"href":"https:\/\/meditation-class.ch\/index.php?rest_route=%2Fwp%2Fv2%2Fcomments&post=9"}],"version-history":[{"count":213,"href":"https:\/\/meditation-class.ch\/index.php?rest_route=\/wp\/v2\/pages\/9\/revisions"}],"predecessor-version":[{"id":1008,"href":"https:\/\/meditation-class.ch\/index.php?rest_route=\/wp\/v2\/pages\/9\/revisions\/1008"}],"wp:attachment":[{"href":"https:\/\/meditation-class.ch\/index.php?rest_route=%2Fwp%2Fv2%2Fmedia&parent=9"}],"curies":[{"name":"wp","href":"https:\/\/api.w.org\/{rel}","templated":true}]}}